{"id":957,"date":"2021-11-15T12:34:08","date_gmt":"2021-11-15T12:34:08","guid":{"rendered":"https:\/\/electrostrefa.pl\/?post_type=product&#038;p=957"},"modified":"2023-01-13T09:14:29","modified_gmt":"2023-01-13T09:14:29","slug":"liebherr-mrfvc-3511","status":"publish","type":"product","link":"https:\/\/electrostrefa.pl\/index.php\/produkt\/liebherr-mrfvc-3511\/","title":{"rendered":"Liebherr MRFvc 3511"},"content":{"rendered":"","protected":false},"excerpt":{"rendered":"<p style=\"text-align: center\">Od dziesi\u0119cioleci firma <strong>Liebherr<\/strong> zdobywa do\u015bwiadczenie i prowadzi prace badawczo-rozwojowe w dziedzinie ch\u0142odzenia, co stanowi gwarancj\u0119 najwy\u017cszej jako\u015bci urz\u0105dze\u0144 ch\u0142odniczych. Dzi\u0119ki stosowaniu wy\u0142\u0105cznie najwy\u017cszej klasy kompresor\u00f3w, kondensator\u00f3w, parownik\u00f3w i innych element\u00f3w uk\u0142adu ch\u0142odzenia firma <strong>Liebherr<\/strong> tworzy energooszcz\u0119dne urz\u0105dzenia generuj\u0105ce niskie koszty eksploatacji.<\/p>\n","protected":false},"featured_media":960,"template":"","meta":{"_jet_sm_ready_style":"","_jet_sm_style":"","_jet_sm_controls_values":""},"product_cat":[31,61],"product_tag":[172,150,81,170,153,171,149,148],"_links":{"self":[{"href":"https:\/\/electrostrefa.pl\/index.php\/wp-json\/wp\/v2\/product\/957"}],"collection":[{"href":"https:\/\/electrostrefa.pl\/index.php\/wp-json\/wp\/v2\/product"}],"about":[{"href":"https:\/\/electrostrefa.pl\/index.php\/wp-json\/wp\/v2\/types\/product"}],"version-history":[{"count":4,"href":"https:\/\/electrostrefa.pl\/index.php\/wp-json\/wp\/v2\/product\/957\/revisions"}],"predecessor-version":[{"id":1640,"href":"https:\/\/electrostrefa.pl\/index.php\/wp-json\/wp\/v2\/product\/957\/revisions\/1640"}],"wp:featuredmedia":[{"embeddable":true,"href":"https:\/\/electrostrefa.pl\/index.php\/wp-json\/wp\/v2\/media\/960"}],"wp:attachment":[{"href":"https:\/\/electrostrefa.pl\/index.php\/wp-json\/wp\/v2\/media?parent=957"}],"wp:term":[{"taxonomy":"product_cat","embeddable":true,"href":"https:\/\/electrostrefa.pl\/index.php\/wp-json\/wp\/v2\/product_cat?post=957"},{"taxonomy":"product_tag","embeddable":true,"href":"https:\/\/electrostrefa.pl\/index.php\/wp-json\/wp\/v2\/product_tag?post=957"}],"curies":[{"name":"wp","href":"https:\/\/api.w.org\/{rel}","templated":true}]}}