{"id":145,"date":"2021-10-21T09:47:07","date_gmt":"2021-10-21T09:47:07","guid":{"rendered":"https:\/\/electrostrefa.pl\/?page_id=145"},"modified":"2021-10-21T09:49:38","modified_gmt":"2021-10-21T09:49:38","slug":"zwroty-i-reklamacje","status":"publish","type":"page","link":"https:\/\/electrostrefa.pl\/index.php\/zwroty-i-reklamacje\/","title":{"rendered":"Zwroty i reklamacje"},"content":{"rendered":"\t\t<div data-elementor-type=\"wp-page\" data-elementor-id=\"145\" class=\"elementor elementor-145\" data-elementor-settings=\"[]\">\n\t\t\t\t\t\t\t<div class=\"elementor-section-wrap\">\n\t\t\t\t\t\t\t<section class=\"elementor-section elementor-top-section elementor-element elementor-element-4e95396 elementor-section-boxed elementor-section-height-default elementor-section-height-default\" data-id=\"4e95396\" data-element_type=\"section\">\n\t\t\t\t\t\t<div class=\"elementor-container elementor-column-gap-default\">\n\t\t\t\t\t<div class=\"elementor-column elementor-col-100 elementor-top-column elementor-element elementor-element-cada877\" data-id=\"cada877\" data-element_type=\"column\">\n\t\t\t<div class=\"elementor-widget-wrap elementor-element-populated\">\n\t\t\t\t\t\t\t\t<div class=\"elementor-element elementor-element-d2c4cea elementor-widget elementor-widget-text-editor\" data-id=\"d2c4cea\" data-element_type=\"widget\" data-widget_type=\"text-editor.default\">\n\t\t\t\t<div class=\"elementor-widget-container\">\n\t\t\t<style>\/*! elementor - v3.5.5 - 03-02-2022 *\/\n.elementor-widget-text-editor.elementor-drop-cap-view-stacked .elementor-drop-cap{background-color:#818a91;color:#fff}.elementor-widget-text-editor.elementor-drop-cap-view-framed .elementor-drop-cap{color:#818a91;border:3px solid;background-color:transparent}.elementor-widget-text-editor:not(.elementor-drop-cap-view-default) .elementor-drop-cap{margin-top:8px}.elementor-widget-text-editor:not(.elementor-drop-cap-view-default) .elementor-drop-cap-letter{width:1em;height:1em}.elementor-widget-text-editor .elementor-drop-cap{float:left;text-align:center;line-height:1;font-size:50px}.elementor-widget-text-editor .elementor-drop-cap-letter{display:inline-block}<\/style>\t\t\t\t<p><strong>Zwroty i reklamacje<\/strong><\/p>\t\t\t\t\t\t<\/div>\n\t\t\t\t<\/div>\n\t\t\t\t\t<\/div>\n\t\t<\/div>\n\t\t\t\t\t\t\t<\/div>\n\t\t<\/section>\n\t\t\t\t<section class=\"elementor-section elementor-top-section elementor-element elementor-element-b394b75 elementor-section-boxed elementor-section-height-default elementor-section-height-default\" data-id=\"b394b75\" data-element_type=\"section\">\n\t\t\t\t\t\t<div class=\"elementor-container elementor-column-gap-default\">\n\t\t\t\t\t<div class=\"elementor-column elementor-col-100 elementor-top-column elementor-element elementor-element-7dca403\" data-id=\"7dca403\" data-element_type=\"column\">\n\t\t\t<div class=\"elementor-widget-wrap elementor-element-populated\">\n\t\t\t\t\t\t\t\t<div class=\"elementor-element elementor-element-dd6c742 elementor-widget elementor-widget-text-editor\" data-id=\"dd6c742\" data-element_type=\"widget\" data-widget_type=\"text-editor.default\">\n\t\t\t\t<div class=\"elementor-widget-container\">\n\t\t\t\t\t\t\t<p><strong>Odst\u0105pienie od umowy<\/strong><br \/>Je\u015bli jeste\u015b konsumentem &#8211; co do zasady przys\u0142uguje Ci\u00a0prawo do odst\u0105pienia od zawartej na odleg\u0142o\u015b\u0107 umowy.<br \/>Od umowy mo\u017cesz odst\u0105pi\u0107, sk\u0142adaj\u0105c nam\u00a0o\u015bwiadczenie o odst\u0105pieniu od umowy\u00a0np. poprzez wiadomo\u015b\u0107 e-mail przes\u0142an\u0105 na adres:\u00a0<strong>info@electrostrefa.pl<\/strong><br \/>Zwracan\u0105 rzecz zwr\u00f3\u0107 do nas niezw\u0142ocznie na adres: ul. Irysowa 4, 10-687 Bart\u0105g, jednak nie p\u00f3\u017aniej ni\u017c w terminie 14 dni od dnia, w kt\u00f3rym odst\u0105pi\u0142e\u015b od umowy.<br \/>Od umowy mo\u017cesz odst\u0105pi\u0107 w terminie\u00a014 dni.<br \/>Bieg czternastodniowego terminu na odst\u0105pienie od umowy rozpoczyna si\u0119:<br \/>dla umowy, w kt\u00f3rej wydajemy rzecz, b\u0119d\u0105c zobowi\u0105zanymi do przeniesienia jej w\u0142asno\u015bci &#8211;\u00a0od obj\u0119cia rzeczy w posiadanie przez Ciebie\u00a0lub wskazan\u0105 przez Ciebie osob\u0119 trzeci\u0105 inn\u0105 ni\u017c przewo\u017anik,<br \/>dla tre\u015bci cyfrowych &#8211; od dnia zawarcia umowy.<br \/>Do zachowania terminu wystarczy wys\u0142anie o\u015bwiadczenia przed jego up\u0142ywem.<br \/>Dokonane przez Ciebie p\u0142atno\u015bci, w tym koszty dostarczenia rzeczy na zasadach wskazanych w regulaminie zwr\u00f3cimy Ci niezw\u0142ocznie, jednak nie p\u00f3\u017aniej ni\u017c w terminie 14 dni od dnia otrzymania od Ciebie o\u015bwiadczenia o odst\u0105pieniu od umowy.<br \/>Mo\u017cemy wstrzyma\u0107 si\u0119 ze zwrotem otrzymanej od Ciebie p\u0142atno\u015bci do chwili otrzymania rzeczy z powrotem lub dostarczenia przez Ciebie dowodu jej odes\u0142ania, w zale\u017cno\u015bci od tego, kt\u00f3re zdarzenie nast\u0105pi wcze\u015bniej.<br \/>Pami\u0119taj, \u017ce prawo odst\u0105pienia od umowy zawartej na odleg\u0142o\u015b\u0107 nie przys\u0142uguje konsumentowi m.in. w odniesieniu do umowy:<br \/>w kt\u00f3rej przedmiotem \u015bwiadczenia jest\u00a0rzecz nieprefabrykowana, wyprodukowana wed\u0142ug specyfikacji konsumenta\u00a0lub\u00a0s\u0142u\u017c\u0105ca zaspokojeniu jego zindywidualizowanych potrzeb,<br \/>w kt\u00f3rej przedmiotem \u015bwiadczenia jest\u00a0rzecz ulegaj\u0105ca szybkiemu zepsuciu\u00a0lub maj\u0105ca kr\u00f3tki termin przydatno\u015bci do u\u017cycia,<br \/>w kt\u00f3rej przedmiotem \u015bwiadczenia jest rzecz dostarczana w zapiecz\u0119towanym opakowaniu, kt\u00f3rej\u00a0po otwarciu opakowania nie mo\u017cna zwr\u00f3ci\u0107 ze wzgl\u0119du na ochron\u0119 zdrowia lub ze wzgl\u0119d\u00f3w higienicznych, je\u017celi opakowanie zosta\u0142o otwarte po dostarczeniu,<br \/>w kt\u00f3rej przedmiotem \u015bwiadczenia s\u0105\u00a0nagrania d\u017awi\u0119kowe lub wizualne albo programy komputerowe dostarczane w zapiecz\u0119towanym opakowaniu, je\u017celi opakowanie zosta\u0142o otwarte po dostarczeniu<br \/>o dostarczanie tre\u015bci cyfrowych, kt\u00f3re nie s\u0105 zapisane na no\u015bniku materialnym, je\u017celi spe\u0142nianie \u015bwiadczenia rozpocz\u0119\u0142o si\u0119 za wyra\u017an\u0105 zgod\u0105 konsumenta przed up\u0142ywem terminu do odst\u0105pienia od umowy i po poinformowaniu go przez przedsi\u0119biorc\u0119 o utracie prawa odst\u0105pienia od umowy.<br \/>Szczeg\u00f3\u0142owe informacje na temat odst\u0105pienia od umowy znajdziesz w naszym Regulaminie sprzeda\u017cy.<\/p><p><br \/><strong>Reklamacje<\/strong><br \/>W przypadku gdy zakupiony u nas towar oka\u017ce si\u0119 wadliwy, masz prawo reklamowa\u0107 go w oparciu o r\u0119kojmi\u0119. Reklamacj\u0119 najlepiej z\u0142o\u017cy\u0107 na adres e-mail:\u00a0info@electrostrefa.pl\u00a0lub drog\u0105 pocztow\u0105 na adres ul. Irysowa 4, 10-687 Bart\u0105g .<br \/>Je\u015bli nie jeste\u015b konsumentem, odpowiadamy wobec Ciebie tylko do wysoko\u015bci z\u0142o\u017conego przez Ciebie zam\u00f3wienia, w ci\u0105gu roku od wydania towaru. Poni\u017csze postanowienia maj\u0105 zastosowanie do konsument\u00f3w.<br \/>Reklamowany towar nale\u017cy wys\u0142a\u0107 na adres: ul. Irysowa 4, 10-687 Bart\u0105g<br \/>W zwi\u0105zku z wad\u0105 mo\u017cesz \u017c\u0105da\u0107:<br \/>wymiany rzeczy na woln\u0105 od wad,<br \/>usuni\u0119cia wady,<br \/>lub z\u0142o\u017cy\u0107 o\u015bwiadczenie o:<br \/>obni\u017ceniu ceny,<br \/>odst\u0105pieniu od umowy \u2013 w przypadku wady istotnej.<br \/>Odpowiadamy wzgl\u0119dem Ciebie za wady stwierdzone przed up\u0142ywem dw\u00f3ch lat od dnia wydania rzeczy.<br \/>Co do zasady reklamacj\u0119 mo\u017cesz\u00a0zg\u0142osi\u0107 w ci\u0105gu roku od zauwa\u017cenia wady, ale czas na z\u0142o\u017cenie reklamacji nie mo\u017ce si\u0119 zako\u0144czy\u0107 przed up\u0142ywem okresu odpowiedzialno\u015bci sprzedawcy.<br \/>Rozpatrzenie Twojej reklamacji (ustosunkowanie si\u0119 do niej) nast\u0105pi w ci\u0105gu 14 dni od daty otrzymania przez nas Twojego zg\u0142oszenia reklamacyjnego.<br \/>Wi\u0119cej informacji na temat reklamacji znajdziesz w naszym Regulaminie sprzeda\u017cy.<\/p>\t\t\t\t\t\t<\/div>\n\t\t\t\t<\/div>\n\t\t\t\t\t<\/div>\n\t\t<\/div>\n\t\t\t\t\t\t\t<\/div>\n\t\t<\/section>\n\t\t\t\t\t\t<\/div>\n\t\t\t\t\t<\/div>\n\t\t","protected":false},"excerpt":{"rendered":"<p>Zwroty i reklamacje Odst\u0105pienie od umowyJe\u015bli jeste\u015b konsumentem &#8211; co do zasady przys\u0142uguje Ci\u00a0prawo do odst\u0105pienia od zawartej na odleg\u0142o\u015b\u0107 umowy.Od umowy mo\u017cesz odst\u0105pi\u0107, sk\u0142adaj\u0105c nam\u00a0o\u015bwiadczenie o odst\u0105pieniu od umowy\u00a0np. poprzez wiadomo\u015b\u0107 e-mail przes\u0142an\u0105 na adres:\u00a0info@electrostrefa.plZwracan\u0105 rzecz zwr\u00f3\u0107 do nas niezw\u0142ocznie na adres: ul. Irysowa 4, 10-687 Bart\u0105g, jednak nie p\u00f3\u017aniej ni\u017c w terminie 14&hellip; <a class=\"more-link\" href=\"https:\/\/electrostrefa.pl\/index.php\/zwroty-i-reklamacje\/\">Czytaj dalej <span class=\"screen-reader-text\">Zwroty i reklamacje<\/span><\/a><\/p>\n","protected":false},"author":2,"featured_media":0,"parent":0,"menu_order":0,"comment_status":"closed","ping_status":"closed","template":"","meta":{"_jet_sm_ready_style":"","_jet_sm_style":"","_jet_sm_controls_values":""},"_links":{"self":[{"href":"https:\/\/electrostrefa.pl\/index.php\/wp-json\/wp\/v2\/pages\/145"}],"collection":[{"href":"https:\/\/electrostrefa.pl\/index.php\/wp-json\/wp\/v2\/pages"}],"about":[{"href":"https:\/\/electrostrefa.pl\/index.php\/wp-json\/wp\/v2\/types\/page"}],"author":[{"embeddable":true,"href":"https:\/\/electrostrefa.pl\/index.php\/wp-json\/wp\/v2\/users\/2"}],"replies":[{"embeddable":true,"href":"https:\/\/electrostrefa.pl\/index.php\/wp-json\/wp\/v2\/comments?post=145"}],"version-history":[{"count":4,"href":"https:\/\/electrostrefa.pl\/index.php\/wp-json\/wp\/v2\/pages\/145\/revisions"}],"predecessor-version":[{"id":149,"href":"https:\/\/electrostrefa.pl\/index.php\/wp-json\/wp\/v2\/pages\/145\/revisions\/149"}],"wp:attachment":[{"href":"https:\/\/electrostrefa.pl\/index.php\/wp-json\/wp\/v2\/media?parent=145"}],"curies":[{"name":"wp","href":"https:\/\/api.w.org\/{rel}","templated":true}]}}